{"id":1372,"date":"2025-05-21T17:56:50","date_gmt":"2025-05-21T17:56:50","guid":{"rendered":"https:\/\/homologacionesguerrero.com\/paginaweb\/?page_id=1372"},"modified":"2025-10-30T19:08:06","modified_gmt":"2025-10-30T19:08:06","slug":"tramites","status":"publish","type":"page","link":"https:\/\/homologacionesguerrero.com\/paginaweb\/tramites\/","title":{"rendered":"Tr\u00e1mites con el Ministerio de Industria y Comercio"},"content":{"rendered":"\t\t<div data-elementor-type=\"wp-page\" data-elementor-id=\"1372\" class=\"elementor elementor-1372\" data-elementor-settings=\"{&quot;ha_cmc_init_switcher&quot;:&quot;no&quot;}\" data-elementor-post-type=\"page\">\n\t\t\t\t<div class=\"elementor-element elementor-element-89a7d7c e-con-full e-flex e-con e-parent\" data-id=\"89a7d7c\" data-element_type=\"container\" data-settings=\"{&quot;background_background&quot;:&quot;classic&quot;,&quot;_ha_eqh_enable&quot;:false}\">\n\t\t\t\t<div class=\"elementor-element elementor-element-0515a3c elementor-widget elementor-widget-heading\" data-id=\"0515a3c\" data-element_type=\"widget\" data-widget_type=\"heading.default\">\n\t\t\t\t<div class=\"elementor-widget-container\">\n\t\t\t\t\t<h2 class=\"elementor-heading-title elementor-size-default\">Tr\u00e1mites con el Ministerio de Industria y Comercio<\/h2>\t\t\t\t<\/div>\n\t\t\t\t<\/div>\n\t\t\t\t<\/div>\n\t\t<div class=\"elementor-element elementor-element-f2dc28b e-con-full e-flex e-con e-parent\" data-id=\"f2dc28b\" data-element_type=\"container\" data-settings=\"{&quot;_ha_eqh_enable&quot;:false}\">\n\t\t<div class=\"elementor-element elementor-element-e542200 e-con-full e-flex e-con e-child\" data-id=\"e542200\" data-element_type=\"container\">\n\t\t\t\t<div class=\"elementor-element elementor-element-7a32220 ha-css-transform-yes elementor-widget elementor-widget-image\" data-id=\"7a32220\" data-element_type=\"widget\" data-widget_type=\"image.default\">\n\t\t\t\t<div class=\"elementor-widget-container\">\n\t\t\t\t\t\t\t\t\t\t\t\t\t\t\t<img fetchpriority=\"high\" decoding=\"async\" width=\"858\" height=\"888\" src=\"https:\/\/homologacionesguerrero.com\/paginaweb\/wp-content\/uploads\/2025\/10\/Sin-titulo-858-x-888-px-1.png\" class=\"attachment-large size-large wp-image-2273\" alt=\"\" srcset=\"https:\/\/homologacionesguerrero.com\/paginaweb\/wp-content\/uploads\/2025\/10\/Sin-titulo-858-x-888-px-1.png 858w, https:\/\/homologacionesguerrero.com\/paginaweb\/wp-content\/uploads\/2025\/10\/Sin-titulo-858-x-888-px-1-290x300.png 290w, https:\/\/homologacionesguerrero.com\/paginaweb\/wp-content\/uploads\/2025\/10\/Sin-titulo-858-x-888-px-1-768x795.png 768w\" sizes=\"(max-width: 858px) 100vw, 858px\" \/>\t\t\t\t\t\t\t\t\t\t\t\t\t\t\t<\/div>\n\t\t\t\t<\/div>\n\t\t\t\t<\/div>\n\t\t<div class=\"elementor-element elementor-element-5596028 e-con-full e-flex e-con e-child\" data-id=\"5596028\" data-element_type=\"container\" data-settings=\"{&quot;_ha_eqh_enable&quot;:false}\">\n\t\t\t\t<div class=\"elementor-element elementor-element-3005345 elementor-widget elementor-widget-text-editor\" data-id=\"3005345\" data-element_type=\"widget\" data-widget_type=\"text-editor.default\">\n\t\t\t\t<div class=\"elementor-widget-container\">\n\t\t\t\t\t\t\t\t\t<ul><li><strong>Registro de Firmas de Fabricantes y Representantes (RFFR).<\/strong><br \/>Gestionamos \u00edntegramente el proceso de inscripci\u00f3n, actualizaci\u00f3n o baja en el Registro de Firmas de Fabricantes y Representantes (RFFR) del Ministerio de Industria. Desde la preparaci\u00f3n de la documentaci\u00f3n hasta la obtenci\u00f3n de la resoluci\u00f3n.<br \/>Alta o actualizaci\u00f3n de Fabricantes y Representantes, firmas autorizadas, marcas, categor\u00edas de veh\u00edculos, etc.<\/li><li><strong>Fines de serie.<\/strong> <br \/>Tramitaci\u00f3n de los fines de serie de veh\u00edculos que, por cambio de normativa, no cumplen con los requisitos t\u00e9cnicos establecidos: preparaci\u00f3n de listados de veh\u00edculos, recopilaci\u00f3n de la documentaci\u00f3n, tramitaci\u00f3n ante el Ministerio de Industria y seguimiento hasta obtener la autorizaci\u00f3n del plazo establecido de matriculaci\u00f3n.<\/li><li><strong>Fichas reducidas.<\/strong> <br \/>Elaboraci\u00f3n y registro en el Ministerio de Industria de Fichas Reducidas de acuerdo con el Real decreto 750\/2010.<\/li><li><strong>Homologaci\u00f3n de tipos, prototipos y pre-series.<\/strong><br \/>Tramitaci\u00f3n con el Ministerio de Industria de la autorizaci\u00f3n correspondiente, para matriculaci\u00f3n de veh\u00edculos que no cumplen alg\u00fan Acto Reglamentario aplicable.<\/li><li><strong>Llamadas a revisi\u00f3n<br \/><\/strong>Tramitaci\u00f3n en nombre del Fabricante de las llamadas a revisi\u00f3n, cuando el fabricante detecta un defecto com\u00fan de una modelo de veh\u00edculo.1<\/li><\/ul>\t\t\t\t\t\t\t\t<\/div>\n\t\t\t\t<\/div>\n\t\t\t\t<\/div>\n\t\t\t\t<\/div>\n\t\t\t\t<\/div>\n\t\t","protected":false},"excerpt":{"rendered":"<p>Tr\u00e1mites con el Ministerio de Industria y Comercio Registro de Firmas de Fabricantes y Representantes (RFFR).Gestionamos \u00edntegramente el proceso de inscripci\u00f3n, actualizaci\u00f3n o baja en el Registro de Firmas de Fabricantes y Representantes (RFFR) del Ministerio de Industria. Desde la preparaci\u00f3n de la documentaci\u00f3n hasta la obtenci\u00f3n de la resoluci\u00f3n.Alta o actualizaci\u00f3n de Fabricantes y [&hellip;]<\/p>\n","protected":false},"author":1,"featured_media":0,"parent":0,"menu_order":0,"comment_status":"closed","ping_status":"closed","template":"","meta":{"site-sidebar-layout":"no-sidebar","site-content-layout":"page-builder","ast-site-content-layout":"full-width-container","site-content-style":"default","site-sidebar-style":"default","ast-global-header-display":"","ast-banner-title-visibility":"","ast-main-header-display":"","ast-hfb-above-header-display":"","ast-hfb-below-header-display":"","ast-hfb-mobile-header-display":"","site-post-title":"disabled","ast-breadcrumbs-content":"","ast-featured-img":"disabled","footer-sml-layout":"","theme-transparent-header-meta":"","adv-header-id-meta":"","stick-header-meta":"","header-above-stick-meta":"","header-main-stick-meta":"","header-below-stick-meta":"","astra-migrate-meta-layouts":"set","ast-page-background-enabled":"default","ast-page-background-meta":{"desktop":{"background-color":"","background-image":"","background-repeat":"repeat","background-position":"center center","background-size":"auto","background-attachment":"scroll","background-type":"","background-media":"","overlay-type":"","overlay-color":"","overlay-opacity":"","overlay-gradient":""},"tablet":{"background-color":"","background-image":"","background-repeat":"repeat","background-position":"center center","background-size":"auto","background-attachment":"scroll","background-type":"","background-media":"","overlay-type":"","overlay-color":"","overlay-opacity":"","overlay-gradient":""},"mobile":{"background-color":"","background-image":"","background-repeat":"repeat","background-position":"center center","background-size":"auto","background-attachment":"scroll","background-type":"","background-media":"","overlay-type":"","overlay-color":"","overlay-opacity":"","overlay-gradient":""}},"ast-content-background-meta":{"desktop":{"background-color":"var(--ast-global-color-5)","background-image":"","background-repeat":"repeat","background-position":"center center","background-size":"auto","background-attachment":"scroll","background-type":"","background-media":"","overlay-type":"","overlay-color":"","overlay-opacity":"","overlay-gradient":""},"tablet":{"background-color":"var(--ast-global-color-5)","background-image":"","background-repeat":"repeat","background-position":"center center","background-size":"auto","background-attachment":"scroll","background-type":"","background-media":"","overlay-type":"","overlay-color":"","overlay-opacity":"","overlay-gradient":""},"mobile":{"background-color":"var(--ast-global-color-5)","background-image":"","background-repeat":"repeat","background-position":"center center","background-size":"auto","background-attachment":"scroll","background-type":"","background-media":"","overlay-type":"","overlay-color":"","overlay-opacity":"","overlay-gradient":""}},"footnotes":""},"class_list":["post-1372","page","type-page","status-publish","hentry"],"yoast_head":"<!-- This site is optimized with the Yoast SEO plugin v26.0 - https:\/\/yoast.com\/wordpress\/plugins\/seo\/ -->\r\n<title>Tr\u00e1mites con el Ministerio de Industria y Comercio - homologaciones guerrero<\/title>\r\n<meta name=\"description\" content=\"El ciclo completo de documentaci\u00f3n t\u00e9cnica y legal, desde el registro oficial hasta el seguimiento en vigilancia de mercado\" \/>\r\n<meta name=\"robots\" content=\"index, follow, max-snippet:-1, max-image-preview:large, max-video-preview:-1\" \/>\r\n<link rel=\"canonical\" href=\"https:\/\/homologacionesguerrero.com\/paginaweb\/tramites\/\" \/>\r\n<meta property=\"og:locale\" content=\"es_ES\" \/>\r\n<meta property=\"og:type\" content=\"article\" \/>\r\n<meta property=\"og:title\" content=\"Tr\u00e1mites con el Ministerio de Industria y Comercio - homologaciones guerrero\" \/>\r\n<meta property=\"og:description\" content=\"El ciclo completo de documentaci\u00f3n t\u00e9cnica y legal, desde el registro oficial hasta el seguimiento en vigilancia de mercado\" \/>\r\n<meta property=\"og:url\" content=\"https:\/\/homologacionesguerrero.com\/paginaweb\/tramites\/\" \/>\r\n<meta property=\"og:site_name\" content=\"homologaciones guerrero\" \/>\r\n<meta property=\"article:modified_time\" content=\"2025-10-30T19:08:06+00:00\" \/>\r\n<meta property=\"og:image\" content=\"http:\/\/homologacionesguerrero.com\/paginaweb\/wp-content\/uploads\/2025\/10\/Sin-titulo-858-x-888-px-1.png\" \/>\r\n<meta name=\"twitter:card\" content=\"summary_large_image\" \/>\r\n<meta name=\"twitter:label1\" content=\"Tiempo de lectura\" \/>\n\t<meta name=\"twitter:data1\" content=\"2 minutos\" \/>\r\n<script type=\"application\/ld+json\" class=\"yoast-schema-graph\">{\"@context\":\"https:\/\/schema.org\",\"@graph\":[{\"@type\":\"WebPage\",\"@id\":\"https:\/\/homologacionesguerrero.com\/paginaweb\/tramites\/\",\"url\":\"https:\/\/homologacionesguerrero.com\/paginaweb\/tramites\/\",\"name\":\"Tr\u00e1mites con el Ministerio de Industria y Comercio - homologaciones guerrero\",\"isPartOf\":{\"@id\":\"https:\/\/homologacionesguerrero.com\/paginaweb\/#website\"},\"primaryImageOfPage\":{\"@id\":\"https:\/\/homologacionesguerrero.com\/paginaweb\/tramites\/#primaryimage\"},\"image\":{\"@id\":\"https:\/\/homologacionesguerrero.com\/paginaweb\/tramites\/#primaryimage\"},\"thumbnailUrl\":\"http:\/\/homologacionesguerrero.com\/paginaweb\/wp-content\/uploads\/2025\/10\/Sin-titulo-858-x-888-px-1.png\",\"datePublished\":\"2025-05-21T17:56:50+00:00\",\"dateModified\":\"2025-10-30T19:08:06+00:00\",\"description\":\"El ciclo completo de documentaci\u00f3n t\u00e9cnica y legal, desde el registro oficial hasta el seguimiento en vigilancia de mercado\",\"breadcrumb\":{\"@id\":\"https:\/\/homologacionesguerrero.com\/paginaweb\/tramites\/#breadcrumb\"},\"inLanguage\":\"es\",\"potentialAction\":[{\"@type\":\"ReadAction\",\"target\":[\"https:\/\/homologacionesguerrero.com\/paginaweb\/tramites\/\"]}]},{\"@type\":\"ImageObject\",\"inLanguage\":\"es\",\"@id\":\"https:\/\/homologacionesguerrero.com\/paginaweb\/tramites\/#primaryimage\",\"url\":\"https:\/\/homologacionesguerrero.com\/paginaweb\/wp-content\/uploads\/2025\/10\/Sin-titulo-858-x-888-px-1.png\",\"contentUrl\":\"https:\/\/homologacionesguerrero.com\/paginaweb\/wp-content\/uploads\/2025\/10\/Sin-titulo-858-x-888-px-1.png\",\"width\":858,\"height\":888},{\"@type\":\"BreadcrumbList\",\"@id\":\"https:\/\/homologacionesguerrero.com\/paginaweb\/tramites\/#breadcrumb\",\"itemListElement\":[{\"@type\":\"ListItem\",\"position\":1,\"name\":\"Portada\",\"item\":\"https:\/\/homologacionesguerrero.com\/paginaweb\/\"},{\"@type\":\"ListItem\",\"position\":2,\"name\":\"Tr\u00e1mites con el Ministerio de Industria y Comercio\"}]},{\"@type\":\"WebSite\",\"@id\":\"https:\/\/homologacionesguerrero.com\/paginaweb\/#website\",\"url\":\"https:\/\/homologacionesguerrero.com\/paginaweb\/\",\"name\":\"homologaciones guerrero\",\"description\":\"Homologaciones Guerrero naci\u00f3 en 1981 como una empresa pionera en Espa\u00f1a dentro del sector de la homologaci\u00f3n de veh\u00edculos y componentes.\",\"publisher\":{\"@id\":\"https:\/\/homologacionesguerrero.com\/paginaweb\/#organization\"},\"potentialAction\":[{\"@type\":\"SearchAction\",\"target\":{\"@type\":\"EntryPoint\",\"urlTemplate\":\"https:\/\/homologacionesguerrero.com\/paginaweb\/?s={search_term_string}\"},\"query-input\":{\"@type\":\"PropertyValueSpecification\",\"valueRequired\":true,\"valueName\":\"search_term_string\"}}],\"inLanguage\":\"es\"},{\"@type\":\"Organization\",\"@id\":\"https:\/\/homologacionesguerrero.com\/paginaweb\/#organization\",\"name\":\"homologaciones guerrero\",\"url\":\"https:\/\/homologacionesguerrero.com\/paginaweb\/\",\"logo\":{\"@type\":\"ImageObject\",\"inLanguage\":\"es\",\"@id\":\"https:\/\/homologacionesguerrero.com\/paginaweb\/#\/schema\/logo\/image\/\",\"url\":\"https:\/\/homologacionesguerrero.com\/paginaweb\/wp-content\/uploads\/2025\/05\/homologaciones-logo_s.png\",\"contentUrl\":\"https:\/\/homologacionesguerrero.com\/paginaweb\/wp-content\/uploads\/2025\/05\/homologaciones-logo_s.png\",\"width\":75,\"height\":59,\"caption\":\"homologaciones guerrero\"},\"image\":{\"@id\":\"https:\/\/homologacionesguerrero.com\/paginaweb\/#\/schema\/logo\/image\/\"}}]}<\/script>\r\n<!-- \/ Yoast SEO plugin. -->","yoast_head_json":{"title":"Tr\u00e1mites con el Ministerio de Industria y Comercio - homologaciones guerrero","description":"El ciclo completo de documentaci\u00f3n t\u00e9cnica y legal, desde el registro oficial hasta el seguimiento en vigilancia de mercado","robots":{"index":"index","follow":"follow","max-snippet":"max-snippet:-1","max-image-preview":"max-image-preview:large","max-video-preview":"max-video-preview:-1"},"canonical":"https:\/\/homologacionesguerrero.com\/paginaweb\/tramites\/","og_locale":"es_ES","og_type":"article","og_title":"Tr\u00e1mites con el Ministerio de Industria y Comercio - homologaciones guerrero","og_description":"El ciclo completo de documentaci\u00f3n t\u00e9cnica y legal, desde el registro oficial hasta el seguimiento en vigilancia de mercado","og_url":"https:\/\/homologacionesguerrero.com\/paginaweb\/tramites\/","og_site_name":"homologaciones guerrero","article_modified_time":"2025-10-30T19:08:06+00:00","og_image":[{"url":"http:\/\/homologacionesguerrero.com\/paginaweb\/wp-content\/uploads\/2025\/10\/Sin-titulo-858-x-888-px-1.png","type":"","width":"","height":""}],"twitter_card":"summary_large_image","twitter_misc":{"Tiempo de lectura":"2 minutos"},"schema":{"@context":"https:\/\/schema.org","@graph":[{"@type":"WebPage","@id":"https:\/\/homologacionesguerrero.com\/paginaweb\/tramites\/","url":"https:\/\/homologacionesguerrero.com\/paginaweb\/tramites\/","name":"Tr\u00e1mites con el Ministerio de Industria y Comercio - homologaciones guerrero","isPartOf":{"@id":"https:\/\/homologacionesguerrero.com\/paginaweb\/#website"},"primaryImageOfPage":{"@id":"https:\/\/homologacionesguerrero.com\/paginaweb\/tramites\/#primaryimage"},"image":{"@id":"https:\/\/homologacionesguerrero.com\/paginaweb\/tramites\/#primaryimage"},"thumbnailUrl":"http:\/\/homologacionesguerrero.com\/paginaweb\/wp-content\/uploads\/2025\/10\/Sin-titulo-858-x-888-px-1.png","datePublished":"2025-05-21T17:56:50+00:00","dateModified":"2025-10-30T19:08:06+00:00","description":"El ciclo completo de documentaci\u00f3n t\u00e9cnica y legal, desde el registro oficial hasta el seguimiento en vigilancia de mercado","breadcrumb":{"@id":"https:\/\/homologacionesguerrero.com\/paginaweb\/tramites\/#breadcrumb"},"inLanguage":"es","potentialAction":[{"@type":"ReadAction","target":["https:\/\/homologacionesguerrero.com\/paginaweb\/tramites\/"]}]},{"@type":"ImageObject","inLanguage":"es","@id":"https:\/\/homologacionesguerrero.com\/paginaweb\/tramites\/#primaryimage","url":"https:\/\/homologacionesguerrero.com\/paginaweb\/wp-content\/uploads\/2025\/10\/Sin-titulo-858-x-888-px-1.png","contentUrl":"https:\/\/homologacionesguerrero.com\/paginaweb\/wp-content\/uploads\/2025\/10\/Sin-titulo-858-x-888-px-1.png","width":858,"height":888},{"@type":"BreadcrumbList","@id":"https:\/\/homologacionesguerrero.com\/paginaweb\/tramites\/#breadcrumb","itemListElement":[{"@type":"ListItem","position":1,"name":"Portada","item":"https:\/\/homologacionesguerrero.com\/paginaweb\/"},{"@type":"ListItem","position":2,"name":"Tr\u00e1mites con el Ministerio de Industria y Comercio"}]},{"@type":"WebSite","@id":"https:\/\/homologacionesguerrero.com\/paginaweb\/#website","url":"https:\/\/homologacionesguerrero.com\/paginaweb\/","name":"homologaciones guerrero","description":"Homologaciones Guerrero naci\u00f3 en 1981 como una empresa pionera en Espa\u00f1a dentro del sector de la homologaci\u00f3n de veh\u00edculos y componentes.","publisher":{"@id":"https:\/\/homologacionesguerrero.com\/paginaweb\/#organization"},"potentialAction":[{"@type":"SearchAction","target":{"@type":"EntryPoint","urlTemplate":"https:\/\/homologacionesguerrero.com\/paginaweb\/?s={search_term_string}"},"query-input":{"@type":"PropertyValueSpecification","valueRequired":true,"valueName":"search_term_string"}}],"inLanguage":"es"},{"@type":"Organization","@id":"https:\/\/homologacionesguerrero.com\/paginaweb\/#organization","name":"homologaciones guerrero","url":"https:\/\/homologacionesguerrero.com\/paginaweb\/","logo":{"@type":"ImageObject","inLanguage":"es","@id":"https:\/\/homologacionesguerrero.com\/paginaweb\/#\/schema\/logo\/image\/","url":"https:\/\/homologacionesguerrero.com\/paginaweb\/wp-content\/uploads\/2025\/05\/homologaciones-logo_s.png","contentUrl":"https:\/\/homologacionesguerrero.com\/paginaweb\/wp-content\/uploads\/2025\/05\/homologaciones-logo_s.png","width":75,"height":59,"caption":"homologaciones guerrero"},"image":{"@id":"https:\/\/homologacionesguerrero.com\/paginaweb\/#\/schema\/logo\/image\/"}}]}},"_links":{"self":[{"href":"https:\/\/homologacionesguerrero.com\/paginaweb\/wp-json\/wp\/v2\/pages\/1372","targetHints":{"allow":["GET"]}}],"collection":[{"href":"https:\/\/homologacionesguerrero.com\/paginaweb\/wp-json\/wp\/v2\/pages"}],"about":[{"href":"https:\/\/homologacionesguerrero.com\/paginaweb\/wp-json\/wp\/v2\/types\/page"}],"author":[{"embeddable":true,"href":"https:\/\/homologacionesguerrero.com\/paginaweb\/wp-json\/wp\/v2\/users\/1"}],"replies":[{"embeddable":true,"href":"https:\/\/homologacionesguerrero.com\/paginaweb\/wp-json\/wp\/v2\/comments?post=1372"}],"version-history":[{"count":90,"href":"https:\/\/homologacionesguerrero.com\/paginaweb\/wp-json\/wp\/v2\/pages\/1372\/revisions"}],"predecessor-version":[{"id":2593,"href":"https:\/\/homologacionesguerrero.com\/paginaweb\/wp-json\/wp\/v2\/pages\/1372\/revisions\/2593"}],"wp:attachment":[{"href":"https:\/\/homologacionesguerrero.com\/paginaweb\/wp-json\/wp\/v2\/media?parent=1372"}],"curies":[{"name":"wp","href":"https:\/\/api.w.org\/{rel}","templated":true}]}}