{"id":15,"date":"2025-05-20T09:19:17","date_gmt":"2025-05-20T09:19:17","guid":{"rendered":"https:\/\/homologacionesguerrero.com\/paginaweb\/projects\/"},"modified":"2025-07-18T09:42:54","modified_gmt":"2025-07-18T09:42:54","slug":"politica-de-cookies","status":"publish","type":"page","link":"https:\/\/homologacionesguerrero.com\/paginaweb\/politica-de-cookies\/","title":{"rendered":"Pol\u00edtica de cookies"},"content":{"rendered":"\t\t<div data-elementor-type=\"wp-page\" data-elementor-id=\"15\" class=\"elementor elementor-15\" data-elementor-settings=\"{&quot;ha_cmc_init_switcher&quot;:&quot;no&quot;}\" data-elementor-post-type=\"page\">\n\t\t\t\t<div class=\"elementor-element elementor-element-9295a05 e-flex e-con-boxed e-con e-parent\" data-id=\"9295a05\" data-element_type=\"container\" data-settings=\"{&quot;_ha_eqh_enable&quot;:false}\">\n\t\t\t\t\t<div class=\"e-con-inner\">\n\t\t\t\t<div class=\"elementor-element elementor-element-5aee7e3 elementor-widget elementor-widget-heading\" data-id=\"5aee7e3\" data-element_type=\"widget\" data-widget_type=\"heading.default\">\n\t\t\t\t<div class=\"elementor-widget-container\">\n\t\t\t\t\t<h1 class=\"elementor-heading-title elementor-size-default\">Pol\u00edtica de cookies <\/h1>\t\t\t\t<\/div>\n\t\t\t\t<\/div>\n\t\t\t\t<div class=\"elementor-element elementor-element-fb5bac7 elementor-widget elementor-widget-text-editor\" data-id=\"fb5bac7\" data-element_type=\"widget\" data-widget_type=\"text-editor.default\">\n\t\t\t\t<div class=\"elementor-widget-container\">\n\t\t\t\t\t\t\t\t\t<p>Como en otros sitios Web<strong>, HOMOLOGACIONES GUERRERO SL. <\/strong>\u00a0(en adelante <strong>HOMOLOGACIONES GUERRERO<\/strong>) utiliza\u00a0<em>cookies<\/em>\u00a0para proporcionar un uso personalizado al usuario del Web.<\/p><p>\u00a0<\/p><p><strong>\u00bfQu\u00e9 es una cookie?<\/strong><\/p><p>\u00a0Una cookie es un fichero que se descarga en el ordenador\/smartphone\/<em>tablet<\/em> del usuario al acceder a determinadas p\u00e1ginas web, para almacenar y recuperar informaci\u00f3n sobre la navegaci\u00f3n que se efect\u00faa desde dicho equipo.<\/p><p>El navegador del usuario utiliza la informaci\u00f3n sobre la visita a la Web para personalizar ciertas p\u00e1ginas o elementos. A efectos de an\u00e1lisis estad\u00edsticos, tambi\u00e9n puede utilizarse una cookie para transmitir a nuestro servidor un n\u00famero \u00fanico y an\u00f3nimo generado al azar. No es posible identificar al usuario mediante una cookie. Generalmente, una cookie contiene el nombre del dominio de donde procede la misma, su \u00abtiempo de vida\u00bb y un valor, que suele ser un valor de texto o un n\u00famero \u00fanico generado al azar.<\/p><p>\u00a0<\/p><p><strong>\u00bfQu\u00e9 tipos de cookies hay?<\/strong><\/p><p>\u00a0Las cookies pueden ser:\u00a0<\/p><p><u>Seg\u00fan su origen:<\/u><\/p><p>\u00a0<\/p><ul><li>Propias: son las cookies generadas por la propia p\u00e1gina web que se est\u00e1 visitando.<\/li><\/ul><ul><li>De terceros: Son cookies que se reciben al navegar por una p\u00e1gina Web, pero no son generadas por el titular de la Web, sino por otra entidad que trata los datos obtenidos trav\u00e9s de las cookies.<\/li><\/ul><p>Dentro de esta categor\u00eda se incluyen las cookies anal\u00edticas y las usadas por complementos externos de contenido, las cuales son necesarias para que el usuario pueda acceder a contenidos o servicios proporcionados por terceros proveedores como, por ejemplo, videos alojados en YouTube o ubicaciones geogr\u00e1ficas en Google Maps.<\/p><p>\u00a0<\/p><p><u>Seg\u00fan el tiempo que permanecen activas:<\/u><\/p><p>\u00a0<\/p><ul><li>Cookies de sesi\u00f3n: Son un tipo de cookies dise\u00f1adas para recabar y almacenar datos mientras el usuario accede a una p\u00e1gina web. No quedan registradas en el terminal del usuario cuando \u00e9ste abandona la p\u00e1gina Web.<\/li><li>Cookies persistentes: Son un tipo de cookies en el que los datos siguen almacenados en el terminal y pueden ser accedidos y tratados durante un periodo definido por el responsable de la cookie, que puede ir de unos minutos a varios a\u00f1os.<\/li><\/ul><p>\u00a0<\/p><p><u>Seg\u00fan su finalidad:<\/u><\/p><p>\u00a0<\/p><ul><li>Cookies T\u00e9cnicas:\u00a0son las cookies estrictamente necesarias\u00a0para la prestaci\u00f3n de determinados servicios solicitados expresamente por el usuario. Si se desactivan estas cookies, no podr\u00e1 recibir correctamente los contenidos y servicios ofrecidos en nuestra web;<\/li><li>Cookies Anal\u00edticas: Son aquellas que permiten el seguimiento y an\u00e1lisis estad\u00edstico del comportamiento del conjunto de los usuarios en nuestra web, reuniendo y proporcionando informaci\u00f3n an\u00f3nima. Esta informaci\u00f3n nos ayuda a mejorar el funcionamiento de la misma.<\/li><li>Cookies Publicitarias: Son las cookies que permiten la gesti\u00f3n de los espacios publicitarios en base a criterios como la frecuencia en la que se muestran los anuncios.<\/li><li>Cookies Comportamentales:\u00a0Permiten\u00a0la gesti\u00f3n de los espacios publicitarios seg\u00fan el perfil espec\u00edfico del usuario.<\/li><\/ul><p>\u00a0<\/p><p><strong>\u00bfQu\u00e9 tipos de cookies utiliza HOMOLOGACIONES GUERRERO<\/strong><strong>?<\/strong><\/p><p><strong>HOMOLOGACIONES GUERRERO<\/strong> utiliza en su sitio web las siguientes cookies:<\/p><p>\u00a0<\/p><p>\u00a0<\/p><ol><li><strong>COOKIES PROPIAS<\/strong><\/li><\/ol><p>Tipo de Cookie: <strong>Cookies T\u00e9cnicas.<\/strong><\/p><p>Necesarias para permitir al usuario la navegaci\u00f3n a trav\u00e9s de la p\u00e1gina web, plataforma o aplicaci\u00f3n y la utilizaci\u00f3n de las diferentes opciones o servicios que en ella existan.<\/p><p>Facilitan el control del tr\u00e1fico y la comunicaci\u00f3n de datos; permiten identificar la sesi\u00f3n y acceder a partes de acceso restringido; realizar la solicitud de inscripci\u00f3n o participaci\u00f3n en un evento, as\u00ed como utilizar elementos de seguridad durante la navegaci\u00f3n<\/p><p>\u00a0<\/p><p>\u00a0<\/p><table width=\"1060\"><thead><tr><td><p><strong>Titular<\/strong><\/p><\/td><td><p><strong>Nombre<\/strong><\/p><\/td><td><p><strong>Finalidad<\/strong><\/p><\/td><td><p><strong>Caducidad<\/strong><\/p><\/td><\/tr><\/thead><tbody><tr><td><p>HOMOLOGACIONES GUERRERO<\/p><\/td><td><p>SHARETHIS_COOKIES_TEST<\/p><\/td><td><p>Cookie utilizada para compartir contenido a trav\u00e9s de redes sociales o plataformas de terceros.<\/p><\/td><td><p>Variable<\/p><\/td><\/tr><tr><td>\u00a0<\/td><td><p>_ZLCID<\/p><\/td><td><p>Identificador de usuario de chat de Zopim (Zendesk) para identificar la sesi\u00f3n de chat.<\/p><\/td><td><p>Sesi\u00f3n<\/p><\/td><\/tr><tr><td>\u00a0<\/td><td><p>_ZLCMID<\/p><\/td><td><p>Cookie de Zendesk utilizada para almacenar el ID de chat en vivo de usuario.<\/p><\/td><td><p>1 a\u00f1o<\/p><\/td><\/tr><tr><td>\u00a0<\/td><td><p>_ICL_CURRENT_LANGUAGE<\/p><\/td><td><p>Almacena la preferencia de idioma del usuario en el sitio.<\/p><\/td><td><p>24 horas<\/p><\/td><\/tr><tr><td>\u00a0<\/td><td><p>WPML_REFERER_URL<\/p><\/td><td><p>Guarda la URL de referencia para redirigir correctamente al usuario despu\u00e9s de cambiar de idioma.<\/p><\/td><td><p>Sesi\u00f3n<\/p><\/td><\/tr><\/tbody><\/table><p>\u00a0<\/p><ol><li><strong>COOKIES DE TERCEROS<\/strong><\/li><\/ol><table width=\"1060\"><thead><tr><td><p><strong>Titular<\/strong><\/p><\/td><td><p><strong>Nombre<\/strong><\/p><\/td><td><p><strong>Finalidad<\/strong><\/p><\/td><td><p><strong>Caducidad<\/strong><\/p><\/td><\/tr><\/thead><tbody><tr><td><p>Consensu.org<\/p><\/td><td><p>ADOBEOMNITURECONSENT<\/p><\/td><td><p>Gestiona el consentimiento para el seguimiento de Omniture (Adobe Analytics).<\/p><\/td><td><p>Variable<\/p><\/td><\/tr><tr><td>\u00a0<\/td><td><p>EUCONSENT<\/p><\/td><td><p>Almacena el consentimiento del usuario seg\u00fan la legislaci\u00f3n de la UE en materia de protecci\u00f3n de datos.<\/p><\/td><td><p>Variable<\/p><\/td><\/tr><tr><td>\u00a0<\/td><td><p>GOOGLECONSENT<\/p><\/td><td><p>Almacena las preferencias de consentimiento de Google para cookies publicitarias y de seguimiento.<\/p><\/td><td><p>Variable<\/p><\/td><\/tr><tr><td><p>Dobleclick.net<\/p><\/td><td><p>IDE<\/p><\/td><td><p>Utilizada por Google para mostrar anuncios personalizados en funci\u00f3n del comportamiento del usuario.<\/p><\/td><td><p>13 meses<\/p><\/td><\/tr><tr><td><p>Google.es<\/p><\/td><td><p>P_JAR<\/p><\/td><td><p>Almacena las preferencias del usuario y otros datos relacionados con los anuncios de Google.<\/p><\/td><td><p>1 mes<\/p><\/td><\/tr><tr><td>\u00a0<\/td><td><p>ANID<\/p><\/td><td><p>Cookie utilizada para la personalizaci\u00f3n de anuncios.<\/p><\/td><td><p>13 meses<\/p><\/td><\/tr><tr><td>\u00a0<\/td><td><p>CONSENT<\/p><\/td><td><p>Almacena el estado de consentimiento de cookies del usuario para Google.<\/p><\/td><td><p>Permanente<\/p><\/td><\/tr><tr><td>\u00a0<\/td><td><p>NID<\/p><\/td><td><p>Almacena las preferencias del usuario y otros datos relacionados con la personalizaci\u00f3n de anuncios.<\/p><\/td><td><p>6 meses<\/p><\/td><\/tr><tr><td>\u00a0<\/td><td><p>OGPC<\/p><\/td><td><p>Utilizada por Google para mostrar anuncios personalizados.<\/p><\/td><td><p>1 mes<\/p><\/td><\/tr><tr><td>\u00a0<\/td><td><p>DV<\/p><\/td><td><p>Cookie utilizada para mostrar anuncios m\u00e1s relevantes.<\/p><\/td><td><p>7 minutos<\/p><\/td><\/tr><tr><td><p>Sharethis.com<\/p><\/td><td><p>_STID<\/p><\/td><td><p>Cookie utilizada por ShareThis para identificar al usuario y sus preferencias de uso social.<\/p><\/td><td><p>1 a\u00f1o<\/p><\/td><\/tr><tr><td>\u00a0<\/td><td><p>_STIDV<\/p><\/td><td><p>Variante de _STID para mejorar la funcionalidad de ShareThis.<\/p><\/td><td><p>1 a\u00f1o<\/p><\/td><\/tr><tr><td><p>Youtube.com<\/p><\/td><td><p>CONSENT<\/p><\/td><td><p>Almacena el estado de consentimiento de cookies del usuario en YouTube.<\/p><\/td><td><p>Permanente<\/p><\/td><\/tr><tr><td>\u00a0<\/td><td><p>GPS<\/p><\/td><td><p>Registra la ubicaci\u00f3n geogr\u00e1fica para la reproducci\u00f3n de videos.<\/p><\/td><td><p>30 minutos<\/p><\/td><\/tr><tr><td>\u00a0<\/td><td><p>PREF<\/p><\/td><td><p>Almacena las preferencias de configuraci\u00f3n del reproductor de videos.<\/p><\/td><td><p>8 meses<\/p><\/td><\/tr><tr><td>\u00a0<\/td><td><p>VISITOR_INFO_LIVE<\/p><\/td><td><p>Estima el ancho de banda del usuario en p\u00e1ginas con videos integrados de YouTube.<\/p><\/td><td><p>6 meses<\/p><\/td><\/tr><tr><td>\u00a0<\/td><td><p>YSC<\/p><\/td><td><p>Almacena un identificador \u00fanico para mantener estad\u00edsticas de los videos que ha visto el usuario.<\/p><\/td><td><p>Sesi\u00f3n<\/p><\/td><\/tr><tr><td>\u00a0<\/td><td><p>REMOTE_SID<\/p><\/td><td><p>Cookie de seguridad para proteger la cuenta del usuario en YouTube.<\/p><\/td><td><p>Sesi\u00f3n<\/p><\/td><\/tr><\/tbody><\/table><p>\u00a0<\/p><p>\u00a0<\/p><p>\u00a0<\/p><p><strong>\u00bfC\u00f3mo puede desactivar las cookies?<\/strong><\/p><p>\u00a0<\/p><ul><li><strong>Cookies t\u00e9cnicas<\/strong>: Puede permitir, bloquear o eliminar las cookies instaladas en su equipo mediante la configuraci\u00f3n de las opciones del navegador instalado en el mismo. Para ello, puede visitar la secci\u00f3n de\u00a0Ayuda\u00a0de su navegador donde encontrar\u00e1\u00a0informaci\u00f3n sobre c\u00f3mo cambiar la configuraci\u00f3n del uso de cookies. <strong>le informamos que la opci\u00f3n de bloqueo de Cookies en su navegador puede no permitirle el uso pleno de todas las funcionalidades del Website.<\/strong><\/li><\/ul><p>\u00a0<\/p><p>Para cambiar la configuraci\u00f3n de las cookies, puede acceder a:\u00a0<\/p><ul><li>Internet Explorer\u2122:<\/li><\/ul><p>\u00a0\u00a0\u00a0\u00a0\u00a0\u00a0 <a href=\"http:\/\/windows.microsoft.com\/en-US\/windows-vista\/Block-or-allow-cookie\">http:\/\/windows.microsoft.com\/en-US\/windows-vista\/Block-or-allow-cookie<\/a><\/p><p>\u00a0<\/p><ul><li>Safari:<\/li><\/ul><p>\u00a0\u00a0\u00a0\u00a0\u00a0 <a href=\"http:\/\/www.apple.com\/legal\/privacy\/en-ww\/cookies\">http:\/\/www.apple.com\/legal\/privacy\/en-ww\/cookies<\/a><\/p><p>\u00a0<\/p><ul><li>Chrome: <a href=\"http:\/\/support.google.com\/chrome\/bin\/answer.py?hl=en&amp;hlrm=en&amp;answer=95647\">http:\/\/support.google.com\/chrome\/bin\/answer.py?hl=en&amp;hlrm=en&amp;answer=95647<\/a><\/li><li>Firefox:<\/li><\/ul><p>\u00a0\u00a0\u00a0\u00a0\u00a0 <a href=\"https:\/\/support.mozilla.org\/en-US\/kb\/enable-and-disable-cookies-website-preferences\">https:\/\/support.mozilla.org\/en-US\/kb\/enable-and-disable-cookies-website-preferences<\/a><\/p><p>\u00a0<\/p><ul><li>Opera:<\/li><\/ul><p>\u00a0\u00a0\u00a0\u00a0\u00a0\u00a0 <a href=\"http:\/\/help.opera.com\/Windows\/10.20\/en\/cookies.html\">http:\/\/help.opera.com\/Windows\/10.20\/en\/cookies.html<\/a><\/p><p>\u00a0<\/p><ul><li><strong>Cookies anal\u00edticas<\/strong>: Para deshabilitar estas cookies, pinche en el siguiente enlace:<\/li><\/ul><p><a href=\"https:\/\/tools.google.com\/dlpage\/gaoptout?hl=es\">https:\/\/tools.google.com\/dlpage\/gaoptout?hl=es<\/a><\/p>\t\t\t\t\t\t\t\t<\/div>\n\t\t\t\t<\/div>\n\t\t\t\t\t<\/div>\n\t\t\t\t<\/div>\n\t\t\t\t<\/div>\n\t\t","protected":false},"excerpt":{"rendered":"<p>Pol\u00edtica de cookies Como en otros sitios Web, HOMOLOGACIONES GUERRERO SL. \u00a0(en adelante HOMOLOGACIONES GUERRERO) utiliza\u00a0cookies\u00a0para proporcionar un uso personalizado al usuario del Web. \u00a0 \u00bfQu\u00e9 es una cookie? \u00a0Una cookie es un fichero que se descarga en el ordenador\/smartphone\/tablet del usuario al acceder a determinadas p\u00e1ginas web, para almacenar y recuperar informaci\u00f3n sobre la [&hellip;]<\/p>\n","protected":false},"author":1,"featured_media":0,"parent":0,"menu_order":0,"comment_status":"closed","ping_status":"closed","template":"","meta":{"site-sidebar-layout":"no-sidebar","site-content-layout":"page-builder","ast-site-content-layout":"default","site-content-style":"default","site-sidebar-style":"default","ast-global-header-display":"","ast-banner-title-visibility":"","ast-main-header-display":"","ast-hfb-above-header-display":"","ast-hfb-below-header-display":"","ast-hfb-mobile-header-display":"","site-post-title":"disabled","ast-breadcrumbs-content":"disabled","ast-featured-img":"disabled","footer-sml-layout":"","theme-transparent-header-meta":"enabled","adv-header-id-meta":"","stick-header-meta":"","header-above-stick-meta":"","header-main-stick-meta":"","header-below-stick-meta":"","astra-migrate-meta-layouts":"default","ast-page-background-enabled":"default","ast-page-background-meta":{"desktop":{"background-color":"","background-image":"","background-repeat":"repeat","background-position":"center center","background-size":"auto","background-attachment":"scroll","background-type":"","background-media":"","overlay-type":"","overlay-color":"","overlay-opacity":"","overlay-gradient":""},"tablet":{"background-color":"","background-image":"","background-repeat":"repeat","background-position":"center center","background-size":"auto","background-attachment":"scroll","background-type":"","background-media":"","overlay-type":"","overlay-color":"","overlay-opacity":"","overlay-gradient":""},"mobile":{"background-color":"","background-image":"","background-repeat":"repeat","background-position":"center center","background-size":"auto","background-attachment":"scroll","background-type":"","background-media":"","overlay-type":"","overlay-color":"","overlay-opacity":"","overlay-gradient":""}},"ast-content-background-meta":{"desktop":{"background-color":"var(--ast-global-color-5)","background-image":"","background-repeat":"repeat","background-position":"center center","background-size":"auto","background-attachment":"scroll","background-type":"","background-media":"","overlay-type":"","overlay-color":"","overlay-opacity":"","overlay-gradient":""},"tablet":{"background-color":"var(--ast-global-color-5)","background-image":"","background-repeat":"repeat","background-position":"center center","background-size":"auto","background-attachment":"scroll","background-type":"","background-media":"","overlay-type":"","overlay-color":"","overlay-opacity":"","overlay-gradient":""},"mobile":{"background-color":"var(--ast-global-color-5)","background-image":"","background-repeat":"repeat","background-position":"center center","background-size":"auto","background-attachment":"scroll","background-type":"","background-media":"","overlay-type":"","overlay-color":"","overlay-opacity":"","overlay-gradient":""}},"footnotes":""},"class_list":["post-15","page","type-page","status-publish","hentry"],"yoast_head":"<!-- This site is optimized with the Yoast SEO plugin v26.0 - https:\/\/yoast.com\/wordpress\/plugins\/seo\/ -->\r\n<title>Pol\u00edtica de cookies - homologaciones guerrero<\/title>\r\n<meta name=\"robots\" content=\"index, follow, max-snippet:-1, max-image-preview:large, max-video-preview:-1\" \/>\r\n<link rel=\"canonical\" href=\"https:\/\/homologacionesguerrero.com\/paginaweb\/politica-de-cookies\/\" \/>\r\n<meta property=\"og:locale\" content=\"es_ES\" \/>\r\n<meta property=\"og:type\" content=\"article\" \/>\r\n<meta property=\"og:title\" content=\"Pol\u00edtica de cookies - homologaciones guerrero\" \/>\r\n<meta property=\"og:description\" content=\"Pol\u00edtica de cookies Como en otros sitios Web, HOMOLOGACIONES GUERRERO SL. \u00a0(en adelante HOMOLOGACIONES GUERRERO) utiliza\u00a0cookies\u00a0para proporcionar un uso personalizado al usuario del Web. \u00a0 \u00bfQu\u00e9 es una cookie? \u00a0Una cookie es un fichero que se descarga en el ordenador\/smartphone\/tablet del usuario al acceder a determinadas p\u00e1ginas web, para almacenar y recuperar informaci\u00f3n sobre la [&hellip;]\" \/>\r\n<meta property=\"og:url\" content=\"https:\/\/homologacionesguerrero.com\/paginaweb\/politica-de-cookies\/\" \/>\r\n<meta property=\"og:site_name\" content=\"homologaciones guerrero\" \/>\r\n<meta property=\"article:modified_time\" content=\"2025-07-18T09:42:54+00:00\" \/>\r\n<meta name=\"twitter:card\" content=\"summary_large_image\" \/>\r\n<meta name=\"twitter:label1\" content=\"Tiempo de lectura\" \/>\n\t<meta name=\"twitter:data1\" content=\"5 minutos\" \/>\r\n<script type=\"application\/ld+json\" class=\"yoast-schema-graph\">{\"@context\":\"https:\/\/schema.org\",\"@graph\":[{\"@type\":\"WebPage\",\"@id\":\"https:\/\/homologacionesguerrero.com\/paginaweb\/politica-de-cookies\/\",\"url\":\"https:\/\/homologacionesguerrero.com\/paginaweb\/politica-de-cookies\/\",\"name\":\"Pol\u00edtica de cookies - homologaciones guerrero\",\"isPartOf\":{\"@id\":\"https:\/\/homologacionesguerrero.com\/paginaweb\/#website\"},\"datePublished\":\"2025-05-20T09:19:17+00:00\",\"dateModified\":\"2025-07-18T09:42:54+00:00\",\"breadcrumb\":{\"@id\":\"https:\/\/homologacionesguerrero.com\/paginaweb\/politica-de-cookies\/#breadcrumb\"},\"inLanguage\":\"es\",\"potentialAction\":[{\"@type\":\"ReadAction\",\"target\":[\"https:\/\/homologacionesguerrero.com\/paginaweb\/politica-de-cookies\/\"]}]},{\"@type\":\"BreadcrumbList\",\"@id\":\"https:\/\/homologacionesguerrero.com\/paginaweb\/politica-de-cookies\/#breadcrumb\",\"itemListElement\":[{\"@type\":\"ListItem\",\"position\":1,\"name\":\"Portada\",\"item\":\"https:\/\/homologacionesguerrero.com\/paginaweb\/\"},{\"@type\":\"ListItem\",\"position\":2,\"name\":\"Pol\u00edtica de cookies\"}]},{\"@type\":\"WebSite\",\"@id\":\"https:\/\/homologacionesguerrero.com\/paginaweb\/#website\",\"url\":\"https:\/\/homologacionesguerrero.com\/paginaweb\/\",\"name\":\"homologaciones guerrero\",\"description\":\"Homologaciones Guerrero naci\u00f3 en 1981 como una empresa pionera en Espa\u00f1a dentro del sector de la homologaci\u00f3n de veh\u00edculos y componentes.\",\"publisher\":{\"@id\":\"https:\/\/homologacionesguerrero.com\/paginaweb\/#organization\"},\"potentialAction\":[{\"@type\":\"SearchAction\",\"target\":{\"@type\":\"EntryPoint\",\"urlTemplate\":\"https:\/\/homologacionesguerrero.com\/paginaweb\/?s={search_term_string}\"},\"query-input\":{\"@type\":\"PropertyValueSpecification\",\"valueRequired\":true,\"valueName\":\"search_term_string\"}}],\"inLanguage\":\"es\"},{\"@type\":\"Organization\",\"@id\":\"https:\/\/homologacionesguerrero.com\/paginaweb\/#organization\",\"name\":\"homologaciones guerrero\",\"url\":\"https:\/\/homologacionesguerrero.com\/paginaweb\/\",\"logo\":{\"@type\":\"ImageObject\",\"inLanguage\":\"es\",\"@id\":\"https:\/\/homologacionesguerrero.com\/paginaweb\/#\/schema\/logo\/image\/\",\"url\":\"https:\/\/homologacionesguerrero.com\/paginaweb\/wp-content\/uploads\/2025\/05\/homologaciones-logo_s.png\",\"contentUrl\":\"https:\/\/homologacionesguerrero.com\/paginaweb\/wp-content\/uploads\/2025\/05\/homologaciones-logo_s.png\",\"width\":75,\"height\":59,\"caption\":\"homologaciones guerrero\"},\"image\":{\"@id\":\"https:\/\/homologacionesguerrero.com\/paginaweb\/#\/schema\/logo\/image\/\"}}]}<\/script>\r\n<!-- \/ Yoast SEO plugin. -->","yoast_head_json":{"title":"Pol\u00edtica de cookies - homologaciones guerrero","robots":{"index":"index","follow":"follow","max-snippet":"max-snippet:-1","max-image-preview":"max-image-preview:large","max-video-preview":"max-video-preview:-1"},"canonical":"https:\/\/homologacionesguerrero.com\/paginaweb\/politica-de-cookies\/","og_locale":"es_ES","og_type":"article","og_title":"Pol\u00edtica de cookies - homologaciones guerrero","og_description":"Pol\u00edtica de cookies Como en otros sitios Web, HOMOLOGACIONES GUERRERO SL. \u00a0(en adelante HOMOLOGACIONES GUERRERO) utiliza\u00a0cookies\u00a0para proporcionar un uso personalizado al usuario del Web. \u00a0 \u00bfQu\u00e9 es una cookie? \u00a0Una cookie es un fichero que se descarga en el ordenador\/smartphone\/tablet del usuario al acceder a determinadas p\u00e1ginas web, para almacenar y recuperar informaci\u00f3n sobre la [&hellip;]","og_url":"https:\/\/homologacionesguerrero.com\/paginaweb\/politica-de-cookies\/","og_site_name":"homologaciones guerrero","article_modified_time":"2025-07-18T09:42:54+00:00","twitter_card":"summary_large_image","twitter_misc":{"Tiempo de lectura":"5 minutos"},"schema":{"@context":"https:\/\/schema.org","@graph":[{"@type":"WebPage","@id":"https:\/\/homologacionesguerrero.com\/paginaweb\/politica-de-cookies\/","url":"https:\/\/homologacionesguerrero.com\/paginaweb\/politica-de-cookies\/","name":"Pol\u00edtica de cookies - homologaciones guerrero","isPartOf":{"@id":"https:\/\/homologacionesguerrero.com\/paginaweb\/#website"},"datePublished":"2025-05-20T09:19:17+00:00","dateModified":"2025-07-18T09:42:54+00:00","breadcrumb":{"@id":"https:\/\/homologacionesguerrero.com\/paginaweb\/politica-de-cookies\/#breadcrumb"},"inLanguage":"es","potentialAction":[{"@type":"ReadAction","target":["https:\/\/homologacionesguerrero.com\/paginaweb\/politica-de-cookies\/"]}]},{"@type":"BreadcrumbList","@id":"https:\/\/homologacionesguerrero.com\/paginaweb\/politica-de-cookies\/#breadcrumb","itemListElement":[{"@type":"ListItem","position":1,"name":"Portada","item":"https:\/\/homologacionesguerrero.com\/paginaweb\/"},{"@type":"ListItem","position":2,"name":"Pol\u00edtica de cookies"}]},{"@type":"WebSite","@id":"https:\/\/homologacionesguerrero.com\/paginaweb\/#website","url":"https:\/\/homologacionesguerrero.com\/paginaweb\/","name":"homologaciones guerrero","description":"Homologaciones Guerrero naci\u00f3 en 1981 como una empresa pionera en Espa\u00f1a dentro del sector de la homologaci\u00f3n de veh\u00edculos y componentes.","publisher":{"@id":"https:\/\/homologacionesguerrero.com\/paginaweb\/#organization"},"potentialAction":[{"@type":"SearchAction","target":{"@type":"EntryPoint","urlTemplate":"https:\/\/homologacionesguerrero.com\/paginaweb\/?s={search_term_string}"},"query-input":{"@type":"PropertyValueSpecification","valueRequired":true,"valueName":"search_term_string"}}],"inLanguage":"es"},{"@type":"Organization","@id":"https:\/\/homologacionesguerrero.com\/paginaweb\/#organization","name":"homologaciones guerrero","url":"https:\/\/homologacionesguerrero.com\/paginaweb\/","logo":{"@type":"ImageObject","inLanguage":"es","@id":"https:\/\/homologacionesguerrero.com\/paginaweb\/#\/schema\/logo\/image\/","url":"https:\/\/homologacionesguerrero.com\/paginaweb\/wp-content\/uploads\/2025\/05\/homologaciones-logo_s.png","contentUrl":"https:\/\/homologacionesguerrero.com\/paginaweb\/wp-content\/uploads\/2025\/05\/homologaciones-logo_s.png","width":75,"height":59,"caption":"homologaciones guerrero"},"image":{"@id":"https:\/\/homologacionesguerrero.com\/paginaweb\/#\/schema\/logo\/image\/"}}]}},"_links":{"self":[{"href":"https:\/\/homologacionesguerrero.com\/paginaweb\/wp-json\/wp\/v2\/pages\/15","targetHints":{"allow":["GET"]}}],"collection":[{"href":"https:\/\/homologacionesguerrero.com\/paginaweb\/wp-json\/wp\/v2\/pages"}],"about":[{"href":"https:\/\/homologacionesguerrero.com\/paginaweb\/wp-json\/wp\/v2\/types\/page"}],"author":[{"embeddable":true,"href":"https:\/\/homologacionesguerrero.com\/paginaweb\/wp-json\/wp\/v2\/users\/1"}],"replies":[{"embeddable":true,"href":"https:\/\/homologacionesguerrero.com\/paginaweb\/wp-json\/wp\/v2\/comments?post=15"}],"version-history":[{"count":4,"href":"https:\/\/homologacionesguerrero.com\/paginaweb\/wp-json\/wp\/v2\/pages\/15\/revisions"}],"predecessor-version":[{"id":1844,"href":"https:\/\/homologacionesguerrero.com\/paginaweb\/wp-json\/wp\/v2\/pages\/15\/revisions\/1844"}],"wp:attachment":[{"href":"https:\/\/homologacionesguerrero.com\/paginaweb\/wp-json\/wp\/v2\/media?parent=15"}],"curies":[{"name":"wp","href":"https:\/\/api.w.org\/{rel}","templated":true}]}}